Let z = 48 - -24. Calculate the highest common factor of b and z.
24
Let c be 3/(1/(16/12)). Calculate the highest common divisor of c and 4.
4
Suppose 3*y - 5 = 4. Let j = 31 + -4. Suppose -y*o - j = -3*l, l - 4*o + 7 - 4 = 0. Calculate the highest common factor of l and 65.
13
Let r be (4 + 29 - 4) + 3. Calculate the greatest common factor of 160 and r.
32
Suppose -2*x = 3*n + 3, 3*x = -0*x + 5*n + 24. What is the greatest common factor of x and 30?
3
Let d = 142 + -26. Suppose 2*c + 38 = -k + d, 0 = 2*k - 5*c - 129. Let v(m) = m**2 + 5*m - 5. Let y be v(-7). Calculate the greatest common divisor of k and y.
9
Let w be ((-17)/34)/((-377)/(-378) - 1). Calculate the highest common divisor of 42 and w.
21
Let j(y) be the first derivative of -21*y**2/2 - 2. Suppose 6*q - q + 20 = -5*b, -2*q - 12 = 4*b. Let f be j(b). What is the greatest common factor of 6 and f?
6
Let f(p) = p**3 + 11*p**2 - 3*p + 3. Let h be f(-10). Let m = h + -61. Let b = -24 - -42. Calculate the greatest common divisor of m and b.
18
Let d(j) = -j**2 + 4*j + 117. Let q be d(0). Calculate the greatest common factor of 9 and q.
9
Let h(z) = -48*z**3. Let k = -2 + 1. Let i be h(k). Calculate the greatest common divisor of 6 and i.
6
Let p(k) = 5*k**3 - 4*k**2 + 2*k + 2. Let c be p(2). Suppose -2*y = -2*n - 62, 13 = y - 4*n - c. What is the greatest common factor of 297 and y?
27
Let p(k) = -27*k + 1. Let o be p(1). Let q = o - -40. Calculate the highest common divisor of q and 98.
14
Suppose 3*n + 10*u - 5*u = -122, -40 = n + u. Let c = -25 - n. Calculate the highest common factor of 112 and c.
14
Suppose -5*a = -0*a - 85. Suppose f - 5*f + 136 = 0. What is the greatest common divisor of a and f?
17
Let r = 17 - 2. Calculate the greatest common divisor of r and 165.
15
Let n be (-41 + 39)/((-2)/32 - 0). Calculate the highest common divisor of 352 and n.
32
Let b(f) = -f**2 - 5*f - 3. Let q be b(-3). Suppose 0 = -0*k + 3*k - q. Suppose -k = z - 36. What is the greatest common factor of z and 5?
5
Suppose -29 = -4*n - 1. Let y = 111 - 169. Let w = y + 107. Calculate the highest common factor of w and n.
7
Suppose -3*y = 2*s - 9, -2*y + 3*y - 3 = 2*s. Suppose -4*t + y = -t. Let z be 2 - ((0 - 12) + t). Calculate the highest common factor of z and 143.
13
Let y = 306 - 218. Suppose 2*p = 2*b + 3*b - y, 4 = b + 3*p. Calculate the greatest common divisor of 48 and b.
16
Suppose 0 = 3*i + 74 - 269. Suppose 0*m - 12 = m - 2*o, -m = -3*o + 8. Let r = i + m. Calculate the greatest common factor of 18 and r.
9
Let v(z) = 23*z**3 + z**2. Let b = -2 - -5. Let c(h) = h - 2. Let m be c(b). Let j be v(m). What is the greatest common factor of 6 and j?
6
Let t(m) be the second derivative of 5*m**4/12 + m. Let l be t(-1). Suppose p - 6 = -3*h, l*h - 4*p = -9*p + 20. What is the highest common factor of h and 3?
1
Suppose -3*v = 4*a - 30, 2*v - 12 = -2*a + 4. Let u be (20/a)/(8/12). What is the greatest common factor of 40 and u?
5
Suppose 0 = -2*s - u + 362, -3*u = -s + 4*s - 540. Calculate the highest common divisor of 26 and s.
26
Suppose 2*n + 100 = 6*n. Calculate the highest common factor of 225 and n.
25
Let d(p) = -4 - 10*p + 0 + 3 + 2. Let k be d(-2). Calculate the greatest common factor of 42 and k.
21
Let r(w) = -w + 6. Let k be r(-5). What is the greatest common divisor of k and 11?
11
Suppose 8*k - 480 = -5*z + 10*k, 4*z - 384 = 5*k. Calculate the greatest common factor of z and 64.
32
Let k be 3 + -1 + 0 + 1. Suppose 1 = -2*r + k. Suppose 0 = -j - r + 6. What is the highest common divisor of j and 1?
1
Suppose -4*h - 3*t + 195 = 0, 5*h - t - 156 = 2*h. Calculate the greatest common factor of 459 and h.
51
Suppose 36 = -5*x + 106. What is the highest common divisor of x and 2?
2
Let b be 108 - (10/(-2) + 3). What is the highest common divisor of b and 22?
22
Suppose -5*c + u + 38 = -31, 3*c = 2*u + 47. Calculate the greatest common factor of 13 and c.
13
Let r(v) = -v**2 + 9*v - 7. Let l be r(6). Let j be 4*(0 - -3) - 1. Calculate the highest common factor of l and j.
11
Suppose 12 = 2*b - 19*x + 21*x, 3*b + 2*x - 21 = 0. What is the highest common factor of b and 63?
9
Let k be ((-1)/(-1))/(0 - -1). Let z be (-1)/(6/16*(-5)/15). Calculate the highest common factor of z and k.
1
Suppose 2*x - 1 - 11 = 0. Let c be (5/(-10))/(1/(-84)). What is the greatest common factor of x and c?
6
Suppose -3*d = -5*h - 217, -246 = -4*d + h - 3*h. What is the highest common factor of d and 96?
32
Let p = -8 + 20. Suppose 3 = -3*u, 2*z - 5*u + 91 = 6*z. What is the greatest common divisor of z and p?
12
Suppose -4*n = -37 - 51. Calculate the greatest common factor of n and 198.
22
Let s = 11 - 6. Suppose -s*f + 3*o + 21 = 0, f = o + 3*o - 6. What is the highest common divisor of 24 and f?
6
Let y be (-27)/(-3) + 4 + -3. Calculate the highest common factor of 80 and y.
10
Let z(q) = q + 13. Let l be z(-7). Calculate the highest common divisor of 66 and l.
6
Let b(w) = -3*w + 5*w - 2 + 0*w + 0*w. Let g be b(8). Calculate the highest common divisor of 56 and g.
14
Suppose -m + 4*m = -4*o + 754, -3*o = -m + 247. Suppose -4*t - 4*x = m - 714, 378 = 3*t - 3*x. Calculate the highest common factor of t and 11.
11
Suppose -2*a - 2*i + 24 = 2*a, 4*i - 12 = -2*a. Let j = -10 + a. Let k(t) = -4*t + 2. Let z be k(j). What is the greatest common divisor of z and 18?
18
Suppose -20 = -11*h + 2. What is the highest common factor of 6 and h?
2
Let x(i) = 0*i - 4*i + 0*i + 3 - i**2 + 7*i**2. Let f be x(3). What is the highest common factor of 30 and f?
15
Suppose g - 3 = 13. What is the greatest common factor of g and 24?
8
Let f = 29 - 24. Suppose -7 = 5*c - 27. Suppose 10*q + 9 = -n + 5*q, 0 = -c*n - 4*q - 4. Calculate the highest common factor of n and f.
1
Suppose -w + 1 = -7. What is the greatest common factor of w and 16?
8
Let u(p) = p**3 - 7*p**2 + 7*p - 4. Let c be u(6). Suppose -4*y + 28 = 6*q - c*q, 27 = 5*q - 3*y. What is the highest common divisor of 60 and q?
6
Let c be (-12)/(26/(-4) + 5). Calculate the highest common divisor of 2 and c.
2
Let i be 3/6*(-12)/(-6). Let p(v) = -2*v. Let k be p(-4). What is the highest common factor of i and k?
1
Let a = 709 - 502. Let t = -31 - -54. Calculate the greatest common factor of a and t.
23
Suppose -3*k = -147 - 333. Calculate the greatest common factor of 20 and k.
20
Let d(g) = 14*g**2 + 2*g + 1. Suppose -5*x + x = -w - 6, 2*x + 8 = -5*w. Let y be -6*((-2)/4 + x). Let m be d(y). What is the highest common factor of 11 and m?
11
Let a be (-14 + (0 - -1))*1. Let z = a + 3. Let i be (-4 - -1)/(3/z). What is the highest common factor of 10 and i?
10
Let a(i) = -i + 110. Let g be a(0). Calculate the greatest common divisor of 10 and g.
10
Suppose -2*d + 7 = r, -4*r + d = 5*d - 12. Let t be (r - -5)/((-9)/(-27)). Calculate the greatest common divisor of t and 30.
6
Let x = 53 - 51. Let d(c) = 0 - 2*c - 3 - 1. Let j be d(-6). What is the greatest common factor of j and x?
2
Suppose 8 = 5*q - 2. Suppose 2*m - 4*k - 30 = 14, -k = -3*m + 56. What is the greatest common divisor of m and q?
2
Let f be ((-24)/(-6))/(0 - 1). Let q be ((-18)/4)/(f/40). What is the greatest common divisor of 9 and q?
9
Let w(b) = 11*b**2 - 4*b + 4. Let s be w(2). Calculate the highest common divisor of 8 and s.
8
Suppose -2*b - 52 - 12 = 0. Let c be (-1)/4 - 2568/b. What is the highest common divisor of c and 32?
16
Let y(m) = 2*m**3 - 6*m**2 - 2*m + 9. Let t be y(4). Suppose 3*l = 2*o - 5*o, -l - 5*o = 12. What is the highest common divisor of t and l?
3
Suppose 2*f + 36 - 120 = -4*v, -5*f - v + 183 = 0. Calculate the greatest common divisor of f and 18.
18
Suppose 5*w - 95 = 175. What is the highest common divisor of 270 and w?
54
Suppose 4 = -j, -5*m - 4*j = -0*j - 49. Let b = 789 - 337. Suppose -b = -3*c + 5*q - 96, -464 = -4*c - 4*q. What is the highest common divisor of c and m?
13
Let q(g) = 2*g**3 - g**2 + 4*g - 5. Let m be q(2). Calculate the greatest common divisor of m and 75.
15
Let y(n) = 3*n + 1. Suppose -2*x + 24 = 2*m, 8 - 52 = -5*m - x. Let j = 1 + m. Let l be y(j). What is the greatest common divisor of l and 4?
4
Let l = 54 + 133. Calculate the greatest common factor of l and 17.
17
Let r(x) = 11*x**2 - 2*x - 3. Let w be r(-2). Suppose -5*d + 36 = -3*d. What is the grea